-30. Calculate the greatest common divisor of t and 198.
18
Let n(h) = h + 6. Let y be n(-8). Suppose -s = 3 - 36. Let b be ((-4)/6)/(y/s). Calculate the highest common divisor of b and 121.
11
Suppose -170 = -4*s + 242. Let w be (-9)/45 - ((-31)/5 - -1). Suppose 18 = -w*t + s. Calculate the highest common factor of 34 and t.
17
Suppose -228 = -3*m + 3*c, -4*m - 5*c = -3*m - 88. What is the greatest common divisor of 195 and m?
39
Suppose -2*b + 132 = 4*d - 8*d, -5*b - d + 352 = 0. Calculate the highest common divisor of b and 10.
10
Let a be ((-1)/(-2))/(1/8). Suppose -a*k = -7 + 3. Calculate the highest common factor of k and 11.
1
Let w(t) = 34*t + 2. Let l be w(2). Calculate the greatest common divisor of 14 and l.
14
Suppose 3*y + 4*b = 0, 4*y + 0*b = -3*b. Suppose y = -n + u + 16, -4*n + 77 = -2*u + 15. What is the greatest common factor of 60 and n?
15
Let z be (4*3)/(1/6). Suppose -3*h = -4*v + 84, -v + 2*v - 5*h - 38 = 0. What is the greatest common divisor of v and z?
18
Suppose -5*c = 71 - 521. Calculate the highest common divisor of c and 10.
10
Let m be ((-92)/(-6))/((-2)/3). Let g = 37 + m. Calculate the highest common divisor of 112 and g.
14
Let a = 24 - -60. What is the highest common divisor of a and 48?
12
Let x(d) = -d**3 - 5*d**2 + 4*d + 9. Suppose 2*z + 5*r = -32, -4*z + 5*r = z + 10. Let f be x(z). Calculate the highest common factor of f and 231.
21
Let a(w) = w**2 - 5*w - 2. Let z be -12*-3*2/9. Let y be a(z). Calculate the highest common divisor of 2 and y.
2
Let y = 38 + -26. Let w = 40 - 22. What is the greatest common divisor of w and y?
6
Suppose -2*p - 12 = -4*i, -p - 4 = -3*i + 3*p. Let k be i + (0 - (1 + -1)). Calculate the greatest common divisor of 8 and k.
4
Let l(q) = -5*q + 35. Let i be l(6). Calculate the greatest common divisor of i and 5.
5
Suppose 2*d + 3*d = 40. Let i = -3 - -3. Suppose i = 2*s - 5*s + 60. What is the highest common divisor of s and d?
4
Suppose 0 = -2*g - 5*v - 3, -g + 2*g + 5*v + 9 = 0. Let c(w) = 9*w + 6. Let l be c(g). Calculate the highest common factor of l and 12.
12
Suppose 0*f + 5*f = -3*c - 251, -5*f = 4*c + 328. Let w = -33 - c. Calculate the highest common divisor of w and 4.
4
Suppose -2*n - 6 = -q - 0*n, -2*n - 6 = -3*q. Suppose 265 = -q*c + 5*c. Suppose 5*m = 97 + c. What is the greatest common factor of m and 12?
6
Let p be ((-6)/10)/(7/(-105)). What is the greatest common divisor of 9 and p?
9
Suppose -f + n - 4*n = -11, -2*f + 2 = n. Let q = 8 + f. Suppose -4*s + 63 = -3*s. What is the highest common factor of q and s?
7
Let h(g) = 8*g**3 - 3 - 4*g + g**2 - 7*g**3 + 2*g**2. Suppose -4*q + 3 = 15. Let k be h(q). Calculate the greatest common factor of 36 and k.
9
Suppose 3*n + 27 = -l - 49, 0 = -3*n - 5*l - 56. Let t = n + 51. Calculate the highest common factor of 16 and t.
8
Suppose -5*p + p = 0. Suppose p*t = t + 1. Let r(s) = -2*s + 1. Let b be r(t). What is the greatest common divisor of 21 and b?
3
Let q be 5 - 2328/(-15) - (-2)/(-10). What is the highest common factor of q and 20?
20
Let i = -20 + -9. Let d = i - -49. What is the greatest common divisor of d and 140?
20
Suppose 0 = 4*j - s - 11, 3*j - 3*s + 4 = 1. Suppose -4*n + 23 = -2*p - 19, -4*n = p - 39. Let i = -6 + n. Calculate the highest common factor of i and j.
4
Let j be -2*(-1)/4*38. Let p be (-70)/14*74/5. Let m = p + 169. Calculate the highest common divisor of m and j.
19
Let k(h) = 12*h**2 - h. Let p be k(1). Suppose 0 = -3*b - 2*q + 136, 172 = 4*b + 2*q - 4*q. What is the greatest common divisor of p and b?
11
Suppose t + 3*t - 44 = 0. Suppose -10*a = -9*a - 121. What is the highest common factor of t and a?
11
Suppose 2*r - 5 = -1. Let c(n) = -n + 1. Let b be c(4). Let z be 2 + (-8)/(b + 2). What is the greatest common factor of z and r?
2
Let h = 74 + 6. Calculate the highest common factor of 32 and h.
16
Suppose 0 = -4*d + 5*d - 300. Suppose -2*a - 2*a = -d. Suppose -3*r - 129 = -4*k, 0*k = k - r - 33. What is the highest common divisor of a and k?
15
Let v(a) = a**2 - 12*a + 9. Let b be v(11). Let p = 12 + b. Calculate the greatest common divisor of 10 and p.
10
Suppose -x + 18 = 3*a, 5 = -4*x + 4*a - 3. Suppose 0 = -x*v + 15 + 69. What is the highest common divisor of v and 4?
4
Let j(t) = -t**2 - 4. Let o be j(0). Let v be (-1)/1 + o/(-4). Suppose 2 = -v*a + 2*a, -2*a = 4*c - 78. What is the greatest common divisor of c and 152?
19
Let t be ((-3)/4)/((-1)/(-4)). Let o = t - -6. Suppose -o*g + 12 = -12. What is the highest common factor of 20 and g?
4
Suppose f + 28 = 3*f. Suppose 3*n + 1 + 236 = 3*w, 272 = 3*w + 4*n. What is the highest common factor of f and w?
14
Let q(l) be the first derivative of l**2 - 9*l - 2. Let k be q(8). Suppose n = 3*u - 22, -2*u = -k*u + n + 36. Calculate the highest common factor of 63 and u.
7
Let d = -23 + 131. Suppose d = m + 2*m. What is the highest common divisor of 6 and m?
6
Let a = -7 - -11. Let v(u) = 3 + 28*u**2 - 25*u**2 - 13*u + 7*u. Let k be v(a). Calculate the highest common factor of 9 and k.
9
Suppose -6*b + 432 = -3*b. Let t = 13 + -10. Suppose 4*r - 2*i = -0*r + 72, -3*r + 54 = -t*i. What is the greatest common divisor of b and r?
18
Suppose -3*j + 9 = -15. Let f(c) = 3*c - 16. Let p be f(j). Let i = 24 - 4. What is the highest common divisor of p and i?
4
Suppose -5*r = t - 31, -r = 4*t - 0*r - 29. Calculate the highest common factor of 54 and t.
6
Let m = 49 - 0. Let a(s) = -s**3 - 5*s**2 - 6*s - 1. Let q be a(-4). Calculate the greatest common divisor of m and q.
7
Let s be (-2 - 6/(-21))/((-4)/154). Suppose -6 = u - 3*m - m, -5*u = 3*m - 39. Calculate the highest common divisor of s and u.
6
Let h = -11 + 11. Let l(o) = o**3 + 3*o + 0 - 10 + h - 6*o**2. Let x be l(7). What is the highest common divisor of x and 12?
12
Let m = -8 + 76. Calculate the highest common factor of m and 4.
4
Let i = -11 - -16. What is the highest common divisor of i and 55?
5
Let d be 562/8 - (-2)/(-8). Suppose 5*s = b - 7, s = -2*b + 5*b + 7. Let m be (-16)/(-1) + (-5 - b). What is the highest common factor of m and d?
14
Let x be (-386)/(-10) - (-6)/15. Let c = x - 28. Let u = -46 + 47. What is the highest common divisor of u and c?
1
Let p = -157 - -171. Calculate the greatest common divisor of p and 14.
14
Let t be 16/(-6)*(-60)/8. Calculate the highest common divisor of t and 5.
5
Let r be 32/6 + 14/(-42). Let a(p) = 6*p + 12. Let n be a(r). What is the highest common factor of n and 105?
21
Suppose 0 = -4*h + 24 + 8. Let x = 13 - h. Let q be (-3)/(-5) - (-237)/x. Calculate the highest common factor of 6 and q.
6
Let d(j) = 3*j**2 - 10*j - 21. Let y be d(-5). What is the greatest common factor of y and 13?
13
Let j be (12/(-5))/((-2)/10). Let f be 170/6 + (-2)/(-3). Suppose -m = -f - 67. What is the highest common factor of j and m?
12
Suppose -a - 4 = -3*a, 3*i + 3*a = 258. Let o be (-24)/(-10)*10/2. Suppose 4*s - i = o. What is the greatest common factor of 6 and s?
6
Let o(r) = -r**2 - 6*r + 2. Let c be o(-6). Suppose 4*q = 2*q - 224. Let z be 4/(-6) + q/(-6). Calculate the highest common divisor of c and z.
2
Let l be 55/(-10)*(-12)/2. What is the highest common divisor of 22 and l?
11
Let k(z) = z - 100. Let p be k(0). Let b be ((-42)/(-15))/((-4)/p). Calculate the highest common factor of b and 10.
10
Let n = -2 + 9. Let k be (35/(-3))/(1/(-3)). What is the highest common factor of n and k?
7
Let k be 32/((-2)/(-1)) - 2. What is the highest common divisor of 28 and k?
14
Suppose i = 5*i - 88. Calculate the greatest common factor of i and 154.
22
Let a = 70 + -26. Suppose -5*f = 3*c - 68, -c - 2*f + a = c. Calculate the greatest common divisor of c and 84.
21
Let o(t) = -t**3 - 10*t**2 - t + 12. Let r be o(-10). Let c = -9 + r. What is the highest common factor of c and 26?
13
Suppose -10 = -3*k - 5*h + 13, -4*h - 8 = 0. Let u(x) = x**3 - x**2 + x + 33. Let n be u(0). Calculate the highest common factor of n and k.
11
Let m be 4/(-8) + 121/2. Calculate the highest common divisor of 20 and m.
20
Let k = 766 + -480. Let i(s) = -9*s - 1. Let h be i(-3). What is the highest common factor of h and k?
26
Suppose b = -b + 392. Calculate the greatest common factor of b and 28.
28
Let m = -13 + 24. What is the highest common factor of m and 55?
11
Let n(c